Let t = a - 45. What is the units digit of t?
6
Let z = -31 + 41. Let c(k) = -k**2 + 16*k + 12. What is the tens digit of c(z)?
7
Let y(j) = 2*j - 23. Let l be y(13). Let c be (-8)/3*-9 - l. Suppose 5*s + 1 = c. What is the units digit of s?
4
Let o(t) = t**3 - 13*t**2 - 38*t + 11. What is the tens digit of o(17)?
2
Let h(a) = -a**2 + 11*a - 24. Let o be h(7). Suppose i - 124 = f, -o*i + 492 + 1 = -f. What is the units digit of i?
3
Suppose 0 = 3*p + 5*b - 17, 5*p + b - 4*b = 17. Suppose p*x = -x. Suppose 0 = 5*n - 2*t - 189, x = 4*n - 3*t - 110 - 44. What is the units digit of n?
7
Let x = 227 - 337. Let g = -77 - x. What is the tens digit of g?
3
Suppose -1198 + 772 = -6*a. What is the units digit of a?
1
Let o be (2/3)/(1/3). Let n be (-4)/(-8) + 1/o. What is the units digit of n/(-8)*10*-20?
5
Suppose 5*v = 2*l + 2, -3*v = -l - 4 + 2. Suppose 0*p - v*p = 0. Suppose 3*a = 4*i + 2*a - 94, p = -2*i - 2*a + 52. What is the units digit of i?
4
Let j = 50 + -74. Let b be (32/j)/(1/(-6)). Suppose -2*z = b, -2*q = 4*z + 8 - 60. What is the units digit of q?
4
Let f = 48 - -1. What is the units digit of f/((-2)/8*-2)?
8
Suppose 5*x + 0*o + 2*o = 520, -3*x - 2*o + 312 = 0. Suppose 6*v - 22 - x = 0. What is the units digit of v?
1
Let f(b) = -135*b**2. Let z be f(1). Let v = 189 + z. Let c = v - 37. What is the units digit of c?
7
Suppose 16*w - 20*w + 204 = 0. Let o = w - 24. What is the tens digit of o?
2
Let y(v) = -v - 18. Suppose -d + 6 = -7. Let j be y(d). Let o = j + 58. What is the tens digit of o?
2
Let y(s) = 54*s + 17. What is the hundreds digit of y(15)?
8
Suppose -1 = -3*c + 5. Suppose -3*q - 3*i + 60 = 0, 2*q + c*i - i - 36 = 0. Let d = q - -6. What is the units digit of d?
2
Let i(h) = -44*h - 84. Let g be 6*(-3 + 6*(-2)/(-6)). What is the hundreds digit of i(g)?
1
Let j(s) = -14*s + 5*s + 2 - 5*s. Let t be j(2). Let a = -17 - t. What is the units digit of a?
9
Let s be (12/(-32))/(3/(-24)). Suppose -9 = -3*b, -s*k + 3 = -k - 3*b. What is the units digit of k?
6
Let a(p) be the second derivative of -p**5/20 - 3*p**4/4 - 2*p**3 - 11*p**2/2 + 4*p. Let v be a(-8). Let g = v - 11. What is the units digit of g?
0
Let j(n) = 55*n - 2. Let d(m) = 109*m - 3. Let s(f) = -3*d(f) + 5*j(f). Suppose 2*z + 4*r - 10 = 0, r = 4*z + 6*r - 11. What is the units digit of s(z)?
1
Suppose 0 = -39*u + 26247 + 24414. What is the units digit of u?
9
Let s be 0 - (2 - -4)/(-1). Suppose 0*j = 3*j - s. What is the tens digit of (1/j)/(6/288)?
2
Suppose 3*l = -g - 262, 0 = -2*l - 5*g - 90 - 76. Let r = l - -168. What is the units digit of r?
0
Let t(q) = q**3 - 9*q**2 - 73*q - 7. What is the tens digit of t(15)?
4
Let c(p) = -p**2. Let j be c(2). Let y be (-100)/(-6) + 1/3. Let o = y + j. What is the tens digit of o?
1
Suppose 3*y - 3 = 0, y + 150 = 5*w + 6*y. Suppose -43 = -f + w. What is the units digit of f?
2
Let f(y) = -84*y - 740. What is the thousands digit of f(-73)?
5
Let n = 764 + -352. What is the units digit of n?
2
Suppose -5*v + 667 = 4*c, -418 = -2*c + v - 67. Let q = -55 + c. Let m = q - 66. What is the units digit of m?
2
Let z(t) = 15*t - 65. What is the units digit of z(12)?
5
Let t(b) = b + 6. Let s be t(-3). Let v be 4/(-6)*(-6 - s). What is the tens digit of 2/v + 528/36?
1
Let t(z) = -5*z**3 - 3*z**2 - 10*z - 5. What is the tens digit of t(-4)?
0
Let c(x) = -103*x + 6. What is the tens digit of c(-42)?
3
Suppose -3*n + 0*n + 5*c = -19, 5*n = 4*c + 10. What is the tens digit of n/(-9) + 10178/126?
8
Let l(n) = -3*n + 7. Let r be l(-8). Let p = -179 + 182. Suppose -p = -q + r. What is the units digit of q?
4
Let u(o) = 2*o**2 + 28*o + 40. What is the units digit of u(-15)?
0
Suppose 3*z - 2*p + 72 = 0, -72 = 4*z - z - 5*p. Let g be (2/4)/(3/z). What is the tens digit of g/3 + 476/6?
7
Suppose 31 = 2*j + 3*h, -j + 0*h + 23 = -h. What is the units digit of 712/j - 6/(-15)?
6
Let v(s) = 32*s**2 - s - 2. Let r be v(-2). Suppose 6*i = 2*i - r. Let u = -14 - i. What is the units digit of u?
8
Suppose -14*c + 10*c = 296. Let k = 88 + c. What is the units digit of k?
4
Let n(j) = -j**2 + 6*j + 1. Let v be n(5). Let z = 10 - v. Let y(a) = 10*a + 5. What is the tens digit of y(z)?
4
Let n(w) = 5*w**2 - 28*w - 18. What is the tens digit of n(13)?
6
Suppose -8 = 5*r - r. Let b be r/4 + (-25)/(-10). Suppose 0*k + q + 44 = k, 0 = 3*k - b*q - 137. What is the tens digit of k?
4
Let z(v) = -11 - v - 6 - v + 1. Let s be z(-8). Suppose -3*b - 6 + 132 = s. What is the tens digit of b?
4
Suppose -2*o = o + 9. Let r be -49 + o/((-6)/(-4)). What is the units digit of (-1)/1 + -2 - r?
8
Let w(t) = t + 10. Let k be w(-11). What is the units digit of 201*(k - (-5)/3)?
4
What is the hundreds digit of (-8175)/(6 - 11) - (5 - 0)?
6
Let n = -141 + 463. What is the units digit of n?
2
Let w(m) = -m**3 + 4*m**2 + 11*m + 8. Let v be w(6). Let i(r) = 14*r + 5 - v - 4 + 5. What is the units digit of i(3)?
6
Let f(n) = 37*n**3 - 11*n**2 - 8*n + 6. What is the hundreds digit of f(3)?
8
Let m(d) be the third derivative of -23*d**4/12 - 9*d**3/2 - 44*d**2. What is the hundreds digit of m(-6)?
2
Let c(q) = 145*q - 7. Let j be c(11). Let i be (-6)/33 - j/(-22). Suppose -2*m - 3*m = 3*f - i, 0 = -5*m - 5*f + 80. What is the tens digit of m?
1
Let l be ((-12)/3)/(4/(-10)). Suppose -4*x = 3*k - l, -3*x = -8*x - 4*k + 13. What is the units digit of (x + 65)*(-10)/(-30)?
2
Let n = -87 + 86. What is the units digit of (-231)/(-2)*((-6)/(-2) + n)?
1
Let k(o) = -2*o - 7. Let g(u) = 4*u + 15. Let z(v) = -6*g(v) - 11*k(v). What is the units digit of z(-10)?
7
Let q = 1645 + -783. What is the hundreds digit of q?
8
Suppose 5*d = 29 + 71. Suppose -4*c = -5*n + 47, 2*n = c + c + d. Let f(j) = j**2 - 6*j + 9. What is the units digit of f(n)?
6
Let o = -14 - -11. Let i be (o/2)/((-3)/4). Suppose -a + 53 = a + y, -2*a - i*y + 48 = 0. What is the units digit of a?
9
Let b(n) = n**3 + 20*n**2 + 19*n - 46. What is the units digit of b(-17)?
8
Suppose 0 = 3*q + 3*y + 63, -4*q = -0*q - y + 74. Let l = 84 + q. What is the tens digit of l?
6
Let c(z) = 35*z + 158. What is the hundreds digit of c(38)?
4
Let s(u) = -u + 40. Let r = 32 - 19. What is the tens digit of s(r)?
2
Suppose 5*h - 99 = -434. Let u = 102 + h. What is the tens digit of u?
3
Suppose 1086 = 8*i - 2666. What is the tens digit of i?
6
Let q(j) = -4*j + 4*j - j**2 - 8*j - 9. Let s be q(-6). Suppose 50 = s*u + 4*n - 63, -5*u = n - 160. What is the units digit of u?
1
Suppose 3*u = -u + 216. Let t = u - 21. What is the tens digit of t?
3
Let h(i) = -27 + 3*i + 12 - 2*i + 8*i. Let d(n) = -4*n + 7. Let t(z) = -14*d(z) - 6*h(z). What is the units digit of t(6)?
4
Suppose 10*w = 5*w + 175. Suppose 5*r = -w + 120. Let f = 14 + r. What is the tens digit of f?
3
Let d be (-1)/(3*3/18). Let m(t) be the second derivative of -5*t**3/3 - 2*t**2 + 4*t. What is the tens digit of m(d)?
1
Suppose f - 1360 = 8*k - 11*k, 4*f - 2*k = 5370. What is the units digit of f?
5
Let j(x) = 2*x**2 - 23*x + 31. Let t be j(10). What is the tens digit of (t*289 - -1) + (-18 - -22)?
9
Suppose -5*j + 44 = f, -3*f + 11 = -5*j + 39. Let y be ((-6)/(-4))/(4/j). Suppose -3*x - y*c + 63 = 0, 7*c = 3*x + 2*c - 39. What is the units digit of x?
8
Let c(s) = s**3 - 14*s**2 + 3*s - 6. Let u = 47 + -33. What is the units digit of c(u)?
6
Let x(a) be the third derivative of -a**4/2 - 11*a**3/6 + 8*a**2. What is the tens digit of x(-7)?
7
Let w = 25 + -10. What is the tens digit of (w/4)/(48/320)?
2
Suppose w - 15 = -4*c, 0 = 3*c + w - 5*w - 16. Suppose 3*j = -5*b - j + 190, c*b = -5*j + 161. What is the units digit of b?
4
Suppose 7*z - 4*i = 5*z + 1304, 0 = -3*z - 2*i + 1964. What is the tens digit of z?
5
Let k(a) = 4*a**3 + 2*a**2 - 1. Suppose 2*u = -2*m - 2*m + 4, -5*u + 46 = -2*m. Let z be 20/u + (-1)/2. What is the units digit of k(z)?
9
Suppose -16*y = -34*y + 12744. What is the tens digit of y?
0
Let n = 33 + -32. Let v(q) = 4*q**2 + 1. What is the units digit of v(n)?
5
Suppose -51*w = -57*w + 1944. What is the tens digit of w?
2
Suppose -3*j - 28 = j. Let q = j + 35. Suppose -3*a - 2*t + 46 = -38, -a = 5*t - q. What is the units digit of a?
8
Suppose -135*l = -94*l - 59737. What is the hundreds digit of l?
4
Let j = 29 - -10. Suppose 0 = -40*v + j*v + 5. What is the un